f 63 and 371416521?
21
Calculate the highest common divisor of 92483 and 10511.
23
What is the greatest common divisor of 1905951 and 87?
3
Calculate the highest common divisor of 7609285 and 10.
5
What is the greatest common divisor of 52296720 and 75?
15
What is the highest common factor of 3903977 and 15631?
539
Calculate the greatest common divisor of 426156 and 884.
68
What is the greatest common factor of 51335 and 105055?
5
What is the greatest common divisor of 37264 and 514176?
16
Calculate the highest common divisor of 5325 and 1265646.
213
Calculate the highest common factor of 3013 and 82322103.
131
What is the greatest common divisor of 9167 and 396859?
103
Calculate the greatest common factor of 458429 and 89351.
449
What is the highest common factor of 184534 and 64560?
538
What is the greatest common divisor of 3478 and 35473861?
1739
Calculate the greatest common factor of 119410 and 131135.
5
Calculate the greatest common factor of 2 and 2082254.
2
Calculate the highest common divisor of 100631 and 7622.
103
Calculate the highest common divisor of 1195896 and 5928.
312
What is the highest common factor of 5739756 and 24?
12
Calculate the highest common factor of 222569365 and 6620.
1655
Calculate the highest common factor of 184316 and 4444.
44
What is the greatest common divisor of 17700689 and 35768?
4471
Calculate the highest common divisor of 209 and 755667.
11
What is the highest common divisor of 1989 and 24237?
9
Calculate the greatest common divisor of 46185 and 12960.
15
Calculate the highest common factor of 37296 and 15098832.
1008
What is the highest common divisor of 19766496 and 14388?
1308
What is the highest common divisor of 262074 and 573?
3
What is the highest common divisor of 70290010 and 735?
245
What is the highest common divisor of 149814612 and 46596?
4236
Calculate the highest common factor of 22 and 55920953.
11
Calculate the greatest common divisor of 111081024 and 256.
64
What is the highest common divisor of 41958245 and 14?
7
Calculate the highest common divisor of 73 and 1624543387.
73
Calculate the greatest common factor of 5007316 and 391.
17
What is the highest common factor of 699714 and 32094?
18
Calculate the highest common divisor of 2002 and 129262.
14
What is the greatest common factor of 855004 and 4?
4
What is the greatest common factor of 883909 and 16198?
13
What is the greatest common divisor of 3812454 and 12852?
918
Calculate the greatest common divisor of 7040 and 289630.
110
Calculate the greatest common divisor of 1168 and 106912.
16
Calculate the greatest common factor of 2694 and 379266.
6
Calculate the greatest common divisor of 168 and 35094822.
42
Calculate the greatest common divisor of 82594 and 12200.
122
What is the highest common divisor of 194 and 10129322?
194
Calculate the highest common divisor of 8142 and 2033844.
138
What is the highest common divisor of 7280 and 1681796480?
7280
Calculate the greatest common factor of 88 and 23836936.
8
What is the greatest common divisor of 48 and 6963846?
6
Calculate the highest common divisor of 709440 and 30.
30
Calculate the greatest common factor of 3747680 and 7670.
590
Calculate the highest common factor of 50070342 and 42.
42
Calculate the greatest common divisor of 15578856 and 18.
18
What is the highest common divisor of 2648728 and 19928?
424
What is the highest common factor of 672 and 3370656?
96
Calculate the highest common factor of 4268021 and 16.
1
What is the highest common factor of 1196 and 344916?
52
Calculate the highest common divisor of 7313062 and 2.
2
What is the highest common divisor of 5560871 and 118818?
943
Calculate the highest common factor of 2669446 and 1494.
166
Calculate the highest common factor of 65438780 and 374.
374
What is the highest common factor of 614502 and 86058?
126
Calculate the highest common factor of 3016530 and 192390.
3630
What is the greatest common divisor of 2722 and 1193597?
1361
Calculate the highest common divisor of 576 and 3524928.
192
What is the highest common divisor of 1926 and 434899467?
963
What is the greatest common divisor of 22261712 and 572?
44
Calculate the greatest common divisor of 18857 and 5794116.
173
Calculate the highest common divisor of 90794010 and 6850.
1370
Calculate the highest common factor of 24071234 and 55.
11
What is the highest common divisor of 596693982 and 102?
102
Calculate the greatest common divisor of 2635 and 302911695.
2635
Calculate the greatest common factor of 20325 and 33557388.
813
Calculate the greatest common divisor of 9517627 and 56.
7
What is the highest common divisor of 1390556 and 2911?
41
What is the highest common factor of 28 and 396982964?
28
Calculate the highest common factor of 2919045 and 5.
5
What is the highest common factor of 3978989 and 3332?
7
Calculate the greatest common divisor of 1682681352 and 4488.
4488
What is the highest common factor of 592847 and 14384?
29
What is the greatest common divisor of 120 and 60108120?
120
Calculate the highest common divisor of 3573180 and 760968.
1404
Calculate the highest common divisor of 39942 and 249543.
63
Calculate the greatest common factor of 67 and 857827264.
67
Calculate the highest common factor of 199068025 and 325.
325
What is the highest common factor of 1204660 and 16895?
155
What is the greatest common divisor of 1305 and 3100245?
435
Calculate the highest common factor of 8091174 and 72384.
2262
What is the greatest common divisor of 3159 and 8206029?
1053
Calculate the greatest common divisor of 528 and 51185552.
176
Calculate the greatest common divisor of 2304666 and 3236058.
2646
What is the highest common factor of 92155231 and 13916?
3479
What is the highest common factor of 471 and 116568?
3
Calculate the highest common divisor of 857909 and 43225.
13
Calculate the highest common factor of 44660 and 2849385.
385
Calculate the highest common divisor of 8761349 and 381.
127
Calculate the highest common factor of 1980 and 56080.
20
Calculate the greatest common divisor of 1788 and 12897589.
149
Calculate the highest common factor of 7864188 and 24.
12
Calculate the highest common divisor of 287770 and 40355.
35
Calculate the greatest common factor of 711 and 9041313.
237
Calculate the greatest common factor of 4872 and 308067.
87
Calculate the highest common factor of 11550318 and 2652754.
10322
Calculate the greatest common divisor of 3042566 and 3170.
634
What is the highest common divisor of 66220 and 21780?
220
Calculate the greatest common divisor of 189561 and 169155.
537
What is the highest common divisor of 3712 and 11506736?
464
Calculate the highest common divisor of 6 and 130500318.
6
Calculate the greatest common divisor of 266 and 4210696.
14
Calculate the highest common divisor of 2913 and 190316.
971
Calculate the greatest common divisor of 245580 and 10020.
60
Calculate the highest common factor of 26956144 and 45872.
976
Calculate the greatest common divisor of 36226 and 1711059.
59
What is the highest common divisor of 13645605 and 2055?
15
What is the highest common divisor of 7980 and 44484?
12
What is the greatest common divisor of 267085 and 6825?
455
Calculate the highest common factor of 4284 and 5010600.
84
Calculate the greatest common divisor of 63 and 1694140.
7
What is the greatest common divisor of 264 and 51619062?
66
What is the greatest common factor of 108 and 170948268?
36
Calculate the greatest common factor of 812 and 271669564.
116
What is the greatest common factor of 838774 and 94?
2
What is the highest common factor of 616052 and 293484?
2644
What is the highest common divisor of 7838747 and 3948?
7
Calculate the highest common factor of 156 and 3453606.
78
Calculate the highest common factor of 20220110 and 10.
10
What is the highest common factor of 2407 and 39714919?
83
What is the highest common divisor of 51418608 and 95036?
4132
Calculate the highest common divisor of 9667 and 7133.
7
What is the greatest common factor of 199808 and 7200256?
896
What is the greatest common factor of 18651012 and 87492?
3804
Calculate the highest common divisor of 325530 and 5290.
10
What is the greatest common divisor of 52281 and 104007?
111
What is the greatest common divisor of 3639181 and 609?
203
W